mainder when 546 is divided by 19?
14
Calculate the remainder when 495 is divided by 210.
75
Calculate the remainder when 316 is divided by 131.
54
What is the remainder when 1490 is divided by 129?
71
What is the remainder when 2577 is divided by 129?
126
Calculate the remainder when 717 is divided by 50.
17
Calculate the remainder when 1144 is divided by 20.
4
What is the remainder when 196 is divided by 77?
42
Calculate the remainder when 1112 is divided by 21.
20
What is the remainder when 221 is divided by 103?
15
Calculate the remainder when 472 is divided by 19.
16
Calculate the remainder when 114 is divided by 40.
34
What is the remainder when 693 is divided by 47?
35
Calculate the remainder when 173 is divided by 22.
19
What is the remainder when 176 is divided by 36?
32
What is the remainder when 2519 is divided by 25?
19
Calculate the remainder when 764 is divided by 41.
26
Calculate the remainder when 56 is divided by 10.
6
What is the remainder when 401 is divided by 116?
53
Calculate the remainder when 227 is divided by 38.
37
What is the remainder when 2571 is divided by 143?
140
What is the remainder when 278 is divided by 46?
2
Calculate the remainder when 132 is divided by 8.
4
Calculate the remainder when 17456 is divided by 36.
32
Calculate the remainder when 218 is divided by 37.
33
What is the remainder when 377 is divided by 286?
91
Calculate the remainder when 1323 is divided by 53.
51
Calculate the remainder when 154 is divided by 45.
19
What is the remainder when 10835 is divided by 84?
83
What is the remainder when 743 is divided by 97?
64
What is the remainder when 2171 is divided by 68?
63
Calculate the remainder when 194 is divided by 54.
32
What is the remainder when 148 is divided by 54?
40
Calculate the remainder when 1069 is divided by 67.
64
Calculate the remainder when 254 is divided by 146.
108
What is the remainder when 615 is divided by 28?
27
Calculate the remainder when 452 is divided by 40.
12
What is the remainder when 752 is divided by 247?
11
What is the remainder when 189 is divided by 29?
15
Calculate the remainder when 239 is divided by 25.
14
Calculate the remainder when 1154 is divided by 164.
6
Calculate the remainder when 1063 is divided by 211.
8
What is the remainder when 69 is divided by 21?
6
Calculate the remainder when 4032 is divided by 1341.
9
Calculate the remainder when 2172 is divided by 2166.
6
Calculate the remainder when 240 is divided by 72.
24
What is the remainder when 252 is divided by 64?
60
Calculate the remainder when 90 is divided by 48.
42
Calculate the remainder when 453 is divided by 13.
11
Calculate the remainder when 13 is divided by 5.
3
Calculate the remainder when 10879 is divided by 170.
169
Calculate the remainder when 416 is divided by 19.
17
What is the remainder when 601 is divided by 11?
7
Calculate the remainder when 1048 is divided by 25.
23
Calculate the remainder when 71 is divided by 25.
21
Calculate the remainder when 508 is divided by 86.
78
Calculate the remainder when 1706 is divided by 19.
15
Calculate the remainder when 867 is divided by 140.
27
What is the remainder when 63 is divided by 6?
3
What is the remainder when 338 is divided by 57?
53
Calculate the remainder when 9781 is divided by 144.
133
Calculate the remainder when 2763 is divided by 13.
7
Calculate the remainder when 303 is divided by 106.
91
Calculate the remainder when 9026 is divided by 3006.
8
What is the remainder when 4029 is divided by 13?
12
What is the remainder when 646 is divided by 548?
98
Calculate the remainder when 44 is divided by 30.
14
What is the remainder when 11346 is divided by 66?
60
What is the remainder when 6417 is divided by 10?
7
Calculate the remainder when 534 is divided by 67.
65
Calculate the remainder when 311 is divided by 105.
101
Calculate the remainder when 330 is divided by 74.
34
Calculate the remainder when 66 is divided by 26.
14
Calculate the remainder when 320 is divided by 36.
32
Calculate the remainder when 121 is divided by 117.
4
Calculate the remainder when 138 is divided by 4.
2
Calculate the remainder when 130 is divided by 67.
63
What is the remainder when 81 is divided by 14?
11
Calculate the remainder when 7574 is divided by 75.
74
Calculate the remainder when 439 is divided by 7.
5
Calculate the remainder when 1194 is divided by 92.
90
What is the remainder when 477 is divided by 121?
114
Calculate the remainder when 166 is divided by 7.
5
What is the remainder when 261 is divided by 18?
9
Calculate the remainder when 2418 is divided by 22.
20
What is the remainder when 271 is divided by 39?
37
What is the remainder when 703 is divided by 90?
73
Calculate the remainder when 2559 is divided by 14.
11
What is the remainder when 543 is divided by 181?
0
Calculate the remainder when 2895 is divided by 35.
25
Calculate the remainder when 245 is divided by 33.
14
What is the remainder when 356 is divided by 40?
36
Calculate the remainder when 244 is divided by 91.
62
What is the remainder when 6159 is divided by 61?
59
What is the remainder when 32 is divided by 9?
5
Calculate the remainder when 287 is divided by 18.
17
What is the remainder when 77 is divided by 20?
17
What is the remainder when 5041 is divided by 41?
39
Calculate the remainder when 4643 is divided by 1542.
17
What is the remainder when 67 is divided by 64?
3
Calculate the remainder when 2376 is divided by 184.
168
What is the remainder when 4639 is divided by 4638?
1
Calculate the remainder when 1664 is divided by 10.
4
What is the remainder when 1215 is divided by 11?
5
What is the remainder when 219 is divided by 52?
11
What is the remainder when 519 is divided by 58?
55
What is the remainder when 527 is divided by 32?
15
Calculate the remainder when 2029 is divided by 35.
34
Calculate the remainder when 243 is divided by 82.
79
Calculate the remainder when 20 is divided by 9.
2
What is the remainder when 1221 is divided by 24?
21
Calculate the remainder when 1218 is divided by 249.
222
Calculate the remainder when 3439 is divided by 65.
59
What is the remainder when 13 is divided by 11?
2
What is the remainder when 6521 is divided by 18?
5
What is the remainder when 125 is divided by 13?
8
Calculate the remainder when 112 is divided by 31.
19
Calculate the remainder when 106 is divided by 22.
18
Calculate the remainder when 9801 is divided by 258.
255
What is the remainder when 125 is divided by 28?
13
Calculate the remainder when 254 is divided by 12.
2
Calculate the remainder when 583 is divided by 209.
165
Calculate the remainder when 1979 is divided by 10.
9
What is the remainder when 158 is divided by 16?
14
What is the remainder when 132 is divided by 126?
6
What is the remainder when 350 is divided by 11?
9
What is the remainder when 281 is divided by 71?
68
Calculate the remainder when 1613 is divided by 43.
22
Calculate the remainder when 453 is divided by 35.
33
What is the remainder when 127 is divided by 16?
15
Calculate the remainder when 7163 is divided by 6.
5
What is the remainder when 402 is divided by 136?
130
What is the remainder when 636 is divided by 177?
105
What is the remainder when 375 is divided by 38?
33
Calculate the remainder when 432 is divided by 62.
60
Calculate the remainder when 121 is divided by 12.
1
What is the remainder when 439 is divided by 219?
1
What is the remainder when 436 is divided by 17?
11
Calculate the remainder when 2211 is divided by 158.
157
What is the remainder when 55 is divided by 30?
25
What is the remainder when 311 is divided by 148?
15
Calculate the remainder when 166 is divided by 57.
52
Calculate the remainder when 801 is divided by 340.
121
Calculate the remainder when 439 is divided by 8.
7
Calculate the remainder when 1723 is divided by 15.
13
Calculate the remainder when 31 is divided by 4.
3
Calculate the remainder when 4659 is divided by 20.
19
What is the remainder when 161 is divided by 27?
26
What is the remainder when 664 is divided by 35?
34
What is the remainder when 304 is divided by 10?
4
What is the remainder when 736 is divided by 31?
23
Calculate the remainder when 1659 is divided by 16.
11
What is the remainder when 57 is divided by 10?
7
Calculate the remainder when 740 is div